{"id":637,"date":"2023-03-15T08:00:00","date_gmt":"2023-03-15T08:00:00","guid":{"rendered":"http:\/\/je-wp.inf-bb.uni-jena.de\/blog\/?page_id=637"},"modified":"2026-04-18T16:27:18","modified_gmt":"2026-04-18T16:27:18","slug":"hiwi-box","status":"publish","type":"page","link":"https:\/\/the-jena-experiment.de\/index.php\/hiwi-box\/","title":{"rendered":"HIWI-Info"},"content":{"rendered":"\n<p><strong>J\u00c4T-INFO\/WEEDING<\/strong> <strong>INFO<\/strong> (update April 18h 2026)<\/p>\n\n\n\n<p><\/p>\n\n\n\n<p><em>***english version below***<\/em><br><br>Liebe Helfer*innen,<\/p>\n\n\n\n<p>Am Sonntag, den 19.04.2026, muss das J\u00e4ten leider<strong> ausfallen.<\/strong> Morgen soll viel Regen kommen! <br>Damit ist das Fr\u00fchjahrsj\u00e4ten offiziell beendet! <br><br>Wir danken euch allen ganz herzlich f\u00fcr eure Hilfe und w\u00fcrden uns freuen, euch zum n\u00e4chsten J\u00e4ten (Juli 2026) wieder begr\u00fc\u00dfen zu d\u00fcrfen! <\/p>\n\n\n\n<p>Liebe Gr\u00fc\u00dfe, <br>eurer Jena Experiment-Team<br><br><\/p>\n\n\n\n<p><em>***english version***<\/em><br><\/p>\n\n\n\n<p>Dear helpers, <\/p>\n\n\n\n<p>On Sunday, April 19, 2026, the weeding unfortunately has to be <strong>canceled<\/strong>. Heavy rain is expected tomorrow!<br>This officially marks the end of the spring weeding season.<\/p>\n\n\n\n<p>We would like to sincerely thank all of you for your help and would be delighted to welcome you again at the next weeding session (July 2026)!<\/p>\n\n\n\n<p>Best regards,<br>Your Jena Experiment Team<\/p>\n","protected":false},"excerpt":{"rendered":"<p>J\u00c4T-INFO\/WEEDING INFO (update April 18h 2026) ***english version below*** Liebe Helfer*innen, Am Sonntag, den 19.04.2026, muss das J\u00e4ten leider ausfallen. Morgen soll viel Regen kommen! Damit ist das Fr\u00fchjahrsj\u00e4ten offiziell&hellip;<\/p>\n","protected":false},"author":8,"featured_media":0,"parent":0,"menu_order":0,"comment_status":"closed","ping_status":"closed","template":"","meta":[],"_links":{"self":[{"href":"https:\/\/the-jena-experiment.de\/index.php\/wp-json\/wp\/v2\/pages\/637"}],"collection":[{"href":"https:\/\/the-jena-experiment.de\/index.php\/wp-json\/wp\/v2\/pages"}],"about":[{"href":"https:\/\/the-jena-experiment.de\/index.php\/wp-json\/wp\/v2\/types\/page"}],"author":[{"embeddable":true,"href":"https:\/\/the-jena-experiment.de\/index.php\/wp-json\/wp\/v2\/users\/8"}],"replies":[{"embeddable":true,"href":"https:\/\/the-jena-experiment.de\/index.php\/wp-json\/wp\/v2\/comments?post=637"}],"version-history":[{"count":566,"href":"https:\/\/the-jena-experiment.de\/index.php\/wp-json\/wp\/v2\/pages\/637\/revisions"}],"predecessor-version":[{"id":6097,"href":"https:\/\/the-jena-experiment.de\/index.php\/wp-json\/wp\/v2\/pages\/637\/revisions\/6097"}],"wp:attachment":[{"href":"https:\/\/the-jena-experiment.de\/index.php\/wp-json\/wp\/v2\/media?parent=637"}],"curies":[{"name":"wp","href":"https:\/\/api.w.org\/{rel}","templated":true}]}}